 Let p be (-2 + (2 - 2))*n. What is v(p)?
5
Let v(g) = g**3 + 3*g**2 + 2*g + 6. Let b = -2 + 8. Let c(u) = u**3 + 3*u**2 + 2*u + 7. Let n(f) = b*v(f) - 5*c(f). Calculate n(-2).
1
Let k(c) = -c**3 + 6*c**2 + 6*c + 1. Let x(y) = -y**2 - 24*y + 7. Let t be x(-24). What is k(t)?
-6
Let i(y) = 4*y**2 + 4*y - 2. Let j be i(3). Let t be j/14 - (-6)/(-21). Let q(l) = -l**3 + 2*l**3 + 4*l**t. Calculate q(-1).
-5
Let r(n) = -n**3 + 3*n**2 + 3*n. Suppose 4*l = 2*l, 3*s - 3*l - 9 = 0. Calculate r(s).
9
Suppose 24 = 3*q + 12. Let j(x) = -3*x - 5. Give j(q).
-17
Let t be 1/(-4) - 19/4. Let i(p) = -p. Let o(q) = -2*q. Let f(x) = x + 4. Let y be f(0). Let r(g) = y*o(g) - 9*i(g). What is r(t)?
-5
Let t(m) = 3*m - 5. Suppose 28*b - 23*b - 20 = 0. Determine t(b).
7
Let g(o) = -2 - 2*o + 4*o - 3. Let x(h) = -h**2 - 14*h + 4. Let v be x(-14). Give g(v).
3
Let t(u) = 3*u + 26. Let k(m) = -m - 9. Let x(d) = 11*k(d) + 4*t(d). Let p(n) = -3 + n + 0 - 8. Let z be p(11). Determine x(z).
5
Let i(q) = q**2 - 4*q + 4. Let v(x) = -6*x - 3. Let u be v(-2). Suppose 0*t - 3*t = -u. Determine i(t).
1
Suppose -3*p - 2*p - 22 = -2*j, -18 = 5*p - 3*j. Let z(d) = d + 5. Calculate z(p).
-1
Let u(a) = -a**3 + 6*a**2 + 3*a - 6. Let g = 0 + -1. Let z = 5 - g. Calculate u(z).
12
Let u(d) = d**3 - d**2 + 4*d + 2. Let m(l) = l**3 - l**2 + 5*l + 2. Let v(i) = 5*m(i) - 6*u(i). Determine v(0).
-2
Let p(z) = -4 + z**3 + 5 + 3. Let t be 15/2 - (-3)/(-6). Suppose -t*d = -2*d. What is p(d)?
4
Let r(i) = -i**3 - 8*i**2 - 5*i + 6. Let d be (-1 - -2)*(-6 + -1). Calculate r(d).
-8
Let q(j) = 1. Let f(b) = 14*b - 5. Let p(t) = 15*t - 5. Let y(r) = 4*f(r) - 3*p(r). Let k(z) = -4*q(z) - y(z). What is k(-1)?
12
Let b(o) = o - 5. Let u be (-45)/(-7) - (-21)/(-49). Calculate b(u).
1
Let o be 3*(-2)/2 + -5. Let s be 1/(-1)*o + -3. Let r(x) = x**2 - 5*x + 5. What is r(s)?
5
Let v = 0 - 0. Suppose v = 5*d - 2*d + 15. Let f(z) = -z**2 - 7*z - 2. Calculate f(d).
8
Suppose -21 = -2*g + 3*m, 3*g - 2*m - 21 = -m. Let u(j) = 2*j - 9. Determine u(g).
3
Let o(j) = j**3 - 2*j**2 - 2*j + 4. Suppose 0*l - f - 2 = 3*l, -3*f - 12 = 3*l. Suppose 4 = g + l. Calculate o(g).
7
Let v be 4/(-18) + 80/(-45). Let j(m) = 5*m + 3. Give j(v).
-7
Let y(n) = n + 2. Let x be y(2). Let q(p) = -p - 4. Determine q(x).
-8
Let x(b) be the first derivative of -b**5/30 - 5*b**4/24 - 2*b**3/3 + b**2/2 + 3. Let y(u) be the second derivative of x(u). Calculate y(-3).
-7
Let q(w) = -w**2 - 5*w + 7. Let h(i) = -i**2 + 7*i - 6. Let t be h(7). Determine q(t).
1
Let q(l) = l**3 + 5*l**2 + 2*l + 7. Let m(k) = k**3 - k**2 - 2. Let d be m(2). Let f = d - 7. Let v be (f - -7)*(-5)/2. Determine q(v).
-3
Let a(q) = 10*q - 10 - 2*q - 5*q. Let f be a(5). Let o(d) = d - 2. Calculate o(f).
3
Let a be -2 - (-7)/(14/4). Let k(m) = -3*m + a*m + 1 + 2*m. Determine k(-3).
4
Let y(x) = x**2 + 4*x - 2. Let g be (-2)/9 - 43/9. Let i be y(g). Let m(q) = -q**3 + 3*q**2 - 2*q - 1. Determine m(i).
-7
Suppose -3*f + 8 = -1. Let p(g) be the third derivative of 0*g + 0 - 5*g**2 - 1/2*g**3 + 1/12*g**4. Determine p(f).
3
Let o(h) = h - 4. Suppose -7 = -l - 2. Calculate o(l).
1
Let o(v) be the second derivative of v**4/3 + v**3/6 - 5*v**2/2 + v. Let q(i) = 3*i**2 - 4. Let z(w) = -2*o(w) + 3*q(w). Let n = -21 + 23. What is z(n)?
-2
Let g(v) = -v**2 - 2*v + 7. Let f(u) be the third derivative of u**4/24 + u**3/3 + 2*u**2. Let j be f(-3). Let h = j + -4. What is g(h)?
-8
Let j(y) be the second derivative of -y**4/12 + 2*y**2 - 9*y. Give j(3).
-5
Let q be 2*(-9)/6*1 - 3. Let o(p) = p + 11. Calculate o(q).
5
Let g(b) = -b**3 + 2*b**2 + b. Let j be g(2). Let m(y) = 2*y**2 - 4*y + 2. What is m(j)?
2
Suppose 4*k - 8 = -4*f, -k + 7 + 4 = -2*f. Let o(c) = -c**2 - c - 3. Determine o(f).
-9
Let l be (-7)/(-14)*(5 + 1). Suppose 3*z - z - 5*k = -2, l*k = 4*z + 4. Let g(i) = -i**3 - i**2 + 1. Determine g(z).
1
Let g = 5 - 10. Let v(q) = -q**2 - 6*q - 6. What is v(g)?
-1
Let n(w) = 7*w**2 + 2*w + 5*w + 5 + 0*w**3 + 3*w**3 - 2*w**3. Let p be n(-6). Let x(d) = -4*d**2 + 1. Determine x(p).
-3
Let i = 5 - 0. Let w(b) be the second derivative of -b**5/20 + b**4/3 + b**3 - 3*b**2 - 8*b. What is w(i)?
-1
Let v = -11 + 8. Let k(h) be the first derivative of 2*h**3/3 + 2*h**2 - h + 9. Determine k(v).
5
Let q(v) = v - 7. Let k be q(5). Let f(m) = m**3 + 2*m**2 + 3*m. Calculate f(k).
-6
Let p(y) = y**3 - 7*y**2 - 5*y - 3. Let x(i) = 2*i**3 - 15*i**2 - 10*i - 7. Let o(u) = 13*p(u) - 6*x(u). Let h = -2 + 5. Calculate o(h).
6
Suppose 3*c = -a - 0*a + 14, -4*a + 16 = 2*c. Let n(y) = -2*y**3 + 4*y**2 - y - 2. Determine n(a).
-4
Suppose 6 = -4*a - 18. Let s(f) = 5 + f - 7 + 10. Give s(a).
2
Let b be (6/(-4))/(11/22) + 3. Let y(f) = f + 22. Calculate y(b).
22
Suppose -4*q - 1 = -r, -1 - 3 = -4*r. Let l(p) = -p**3 - p**2 + p - 6. What is l(q)?
-6
Let z(i) = i**2 + 10*i - 5. Let y(b) = -2*b**2 - 29*b + 15. Let t(l) = -3*y(l) - 8*z(l). Give t(4).
-9
Let r = -62 - -67. Suppose -2*d = 4*k - 8, 0*d - 2*d - 4 = 0. Suppose k = -r*i - 22. Let o(y) = -y**3 - 5*y**2 + 3*y + 4. What is o(i)?
-11
Let c(h) = -3 + 3 + 6*h. Let j be c(3). Let f be (j/4)/(3/(-4)). Let r(m) = m + 8. Give r(f).
2
Let i(m) = -m**3 + 5*m**2 - 5*m - 2. Let v be i(4). Let q(l) = -l**2 - 5*l - 1. Give q(v).
-7
Let p be (-3)/(-2) + (2 - 3) + 0. Let s(y) be the first derivative of y - p*y**2 + 1/3*y**3 + 3. Give s(3).
7
Let j(r) be the third derivative of -r**5/60 - r**4/4 + 5*r**3/3 - 29*r**2. Determine j(-8).
-6
Let l(g) = -4 - g + 4 + 2. Let r(f) = -f**3 - 22*f**2 - 22*f - 23. Let z be r(-21). Determine l(z).
4
Let r(a) = a - 1. Let o = -12 + 7. Let k be 2/(-10) - 51/o. Suppose -2*h - 5*p = -p + k, 5*p - 10 = 2*h. What is r(h)?
-6
Let d(s) = 4*s - 2. Let o(q) = q**3 + 7*q**2 - q - 5. Let b = -8 + 17. Let f = 2 - b. Let v be o(f). Determine d(v).
6
Let q = 23 - 25. Let t(r) = -r**2 + 2*r - 1. Give t(q).
-9
Let a(b) = b**3 - 4*b**2 - 7*b + 2. Suppose w = -4*w + 30. Suppose -3*x + 21 = w. Give a(x).
-8
Let v = 9 + -10. Let z(l) = -8*l + 1. What is z(v)?
9
Let m(j) = -2*j**2 - 5*j - 7. Let h(a) = a**2 + 2*a + 3. Let t(b) = 9*h(b) + 4*m(b). Calculate t(-2).
7
Let q(h) = -3 + 0 + 2*h + 0*h**2 - 6*h**2 + 2. What is q(1)?
-5
Let q(r) = -2*r + 1. Suppose -4*f + 2 + 33 = v, 4*v - 121 = 3*f. Suppose v = 2*h + 11. Suppose -2*g + 2*y - 4 = -4*g, -4*g - 2*y = -h. Determine q(g).
-5
Let c(m) = 5*m**3 + m + 2. Let f(v) = v**3 + v**2 + v + 1. Let y(r) = -c(r) + 4*f(r). Calculate y(4).
14
Let y(c) be the third derivative of -c**6/120 + c**5/20 - c**4/8 - c**3/6 - 8*c**2. Suppose 20 = a - 5*a. Let v = a + 8. Calculate y(v).
-10
Let i(x) = -7*x**3 + 2*x**2 + 2*x + 1. Let b be ((-3)/(-6))/((15/(-6))/5). Calculate i(b).
8
Suppose w - 2*n + 10 = 0, n = -w + 2*n - 5. Let r be -1 - 0 - -4 - w. Let m(v) = -5*v + 2*v - v**3 + 3*v**2 + v + 2. Give m(r).
-4
Let x(i) = -i**2 + 8*i + 1. Let n be x(8). Let m(v) = -v - 5 + 0*v + n + 0*v. Calculate m(-5).
1
Let y(g) = g**3 - 5*g**2 + 6*g. Suppose 2*v + 0*v - 3*c = -3, -4*v + 29 = c. Suppose t + 2 = v. Give y(t).
8
Let m(h) = -11*h - 17. Let a(d) = 4*d + 6. Let v = -5 - -8. Let y(l) = 9*l - 1. Let u be y(1). Let s(q) = u*a(q) + v*m(q). Determine s(0).
-3
Let b(o) = -o + 1 - 4*o - 2*o. Let u be b(1). Let g(k) = 2*k + 5. Determine g(u).
-7
Suppose 0*f = 5*f + 2*r - 37, 5*f = -5*r + 40. Let b(s) = -2*s**3 + f*s**2 + 4 + 1 + s**3 + 2*s**3. Calculate b(-7).
5
Suppose 0 = -0*l - 4*l + 12. Suppose 3*o + 2*s = -s - 3, -o - 3 = l*s. Let q(d) = -3*d - 3. Let j(h) = -7*h - 7. Let u(v) = -2*j(v) + 5*q(v). Give u(o).
-1
Let t(n) = 0 - n - 3 + 13 + n**2. Suppose 4*m + 3*o = 3, 5*o + 0*o - 5 = 2*m. Calculate t(m).
10
Let u(b) = b**3 - 5*b**2 + 4*b - 1. Let g(v) = v**3 - 2*v**2 + 3*v - 3. Let s be g(2). Determine u(s).
-7
Let t(x) = -6*x - 1. Let n be (4/3)/(12/(-54)). Let r(i) = i**3 + 5*i**2 - 5*i + 7. Let d be r(n). Calculate t(d).
-7
Let f(h) = -h**3 + 10*h**2 + 4*h + 2. Let j(x) = -x**3 + 9*x**2 + 5*x + 2. Let m(q) = 3*f(q) - 4*j(q). Calculate m(7).
-9
Let i(x) = -x - 2. Let t(r) = -2*r - 4. Let o be 12/2 + -4 + 3. Suppose 0 = 2*f + c - 5*c - 34, 0 = f + c - o. Let b(q) = f*i(q) - 4*t(q). Give b(-3).
1
Let b(f) = 2*f**2 + 1. Let n = 57 - 55. Determine b(n).
9
Let p(z) = -2*z + 3*z + 3*z - 3*z. Give p(3).
3
Let g(l) = -l**2 + 8*l - 5. Let q